 - 2 = 12*t. Give y(t).
-6
Let i be 6/(-4) - ((-63)/14 - 2). Let p(a) = -a**3 + 4*a**2 + 6*a - 4. Calculate p(i).
1
Let s(u) = 3*u**3 + 2*u**2 + 9*u - 11. Let d(v) = -v**3 - v**2 - 4*v + 5. Let h(b) = -9*d(b) - 4*s(b). Let c be (-20)/(-5) - (-6)/(-2). What is h(c)?
-3
Let l(a) = a**3 + a**2 - 2. Let s = 24 - 26. Calculate l(s).
-6
Let d(h) be the third derivative of h**4/24 - 7*h**3/6 - 40*h**2 + h. Give d(0).
-7
Let k(z) be the third derivative of -1/24*z**4 + 0*z + 0 + 1/30*z**5 + 1/3*z**3 + 7*z**2 + 1/120*z**6. Give k(-3).
-4
Let f(w) be the third derivative of -w**4/12 - w**3 - 6*w**2. Determine f(-4).
2
Let l = 12 + -19. Let b = l + 13. Let v(j) = -j**2 + 4*j + 8. What is v(b)?
-4
Let a = -4 - -1. Let f(u) = -u**3 - 7*u**2 + 7*u - 5. Let m be f(-8). Let s(r) = -1 + m - r - 2 + 1. Determine s(a).
4
Let z(t) be the second derivative of -t**3/6 - 6*t**2 + 41*t. Determine z(-9).
-3
Let w(o) be the second derivative of 0 + 1/2*o**2 + 1/6*o**3 + o + 1/12*o**4. Let j(u) = u**2 + u - 3. Let x be j(0). Calculate w(x).
7
Suppose -g - 2*g + 3 = 0. Suppose 5*u - 5*s = 0, 7*s - 4*s = 5*u - 4. Let b(t) = -2 + 3 + t - u*t + 0. Calculate b(g).
0
Let b(t) = -t**2 - 3*t + 3. Let n = -3 - 2. Calculate b(n).
-7
Let w(k) be the third derivative of k**5/10 + k**4/24 - 10*k**2. Give w(-1).
5
Let l(s) be the first derivative of 1/3*s**3 - 1/2*s**2 + 0*s - 4. What is l(3)?
6
Let a(z) = z**2 + 13 + z - 51 + 18. What is a(0)?
-20
Suppose 5*l - 16 = 9. Let k(f) = -f**2 + f - 1. Determine k(l).
-21
Suppose i = -0*i + 3. Let a(z) = 1 - 3*z + 3*z**i - 4*z**3 + 2*z**2 + 2. Give a(2).
-3
Let j(u) = u**3 - 3*u**2 - 3. Let r = 2 - 1. Let q(z) = 1. Let p(o) = r*j(o) + 4*q(o). Determine p(2).
-3
Let r = -4 - 1. Let f(p) = -p**2 - 4*p + 1. Give f(r).
-4
Let d(a) = -a + 6. Let n(p) = -2*p + 14. Let q be n(-8). Suppose -14 = w - 4*t, 7 = 2*t - 1. Suppose 2*o + 5 = w*j + o, j - q = -5*o. Calculate d(j).
1
Let m(k) be the third derivative of k**4/12 - k**2. Calculate m(6).
12
Let s be (-22)/(-6) + (-2)/(-6). Let r be 15/(-10) - 2/s. Let p = 1 + r. Let o(j) = 3*j**3 - j**2 - j. What is o(p)?
-3
Let h(a) = 5*a**2 + 2*a - 3. Let v(y) = 3*y + 2*y + 3*y**2 - 4*y - 2. Let x(z) = 4*h(z) - 7*v(z). Let o(c) = -c**2 - 3*c + 2. Let d be o(-4). What is x(d)?
-4
Let m(l) = l**3 + 1. Let d(o) = -3*o**3 - 13*o**2 + 11*o + 3. Let z(y) = -d(y) - 4*m(y). Let g be z(12). Let c(p) = -2*p - 1. Give c(g).
-11
Let g(o) = -o**3 - 5*o**2 - 5*o - 2. Suppose -d - 9 = -4*d. Suppose -2*u + d*m = 3*u + 17, 4*u = 3*m - 13. What is g(u)?
2
Let h(r) = -6 + 0*r - r - 4*r - r**2. Calculate h(-4).
-2
Let u(f) = 7*f + 5. Let j(y) = -3*y - 2. Let z(c) = 5*j(c) + 2*u(c). Suppose 5*v = 4*x - 13, -5*v + 7*x - 10 = 2*x. Determine z(v).
5
Suppose 3*k + 5 - 2 = 3*s, -5*k = 4*s - 31. Let t(y) be the first derivative of -y**4/4 + 5*y**3/3 - 2*y**2 - 4*y - 11. Give t(s).
-4
Let w = 4 + -2. Let g(r) = -3*r + 2. Determine g(w).
-4
Suppose -2*f - 2*d + 15 = f, 0 = f - 3*d + 6. Let s(w) = -2*w + f*w + 1 + 3. Let a be s(-4). Let g(v) = v**3 - 3. Give g(a).
-3
Let k(i) = -8*i**2 - i - 1. Let s(l) = l**3 + 5*l**2 + l + 4. Let p = 10 - 5. Suppose p*t - 25 = v + t, -v = -3*t + 20. Let x be s(v). What is k(x)?
-8
Let i(s) = -s**2 - 4*s - 2. Let u be i(-2). Suppose -3*h = u*h + 5. Let n(a) = -15*a - 1. What is n(h)?
14
Let p = 15 - 13. Let s(z) = -z**3 + 2*z**p - z + 4*z + z + 0*z - 2. Let t be 3/((0 + 1)*1). Give s(t).
1
Let y(d) = d**3 + d**2 - d. Let s be y(-1). Let w(h) = 5 - h**2 - 5 + s - h. Let v = 6 + -9. Determine w(v).
-5
Let q(v) = -v**3 + 5*v**2 + 4. Let j = -1 + 7. Suppose -3*a = 4*i - 0*a - j, -2*a = 3*i - 5. Suppose 4*o + 13 = 5*h, -i*o = -2*h + 4*h - 19. Calculate q(h).
4
Suppose 2*i - 40 = 10. Suppose -5*r = -0*r - i. Let k(a) = -a**3 + 6*a**2 - 5*a - 6. Calculate k(r).
-6
Let y(n) = -4*n**2 + 5*n + 6. Let u(l) = 7*l**2 - 9*l - 11. Let d(o) = 3*u(o) + 5*y(o). Suppose -6 = 2*i + i. Calculate d(i).
5
Let x(y) = y**3 + 3*y**2 - 8*y. Let k(d) = d**3 + 3*d**2 - 7*d. Let o(u) = -5*k(u) + 4*x(u). What is o(-3)?
-9
Let g(c) = c**2 - 5*c - 3. Let s be (3/(-2))/((-2)/8). Suppose -s = -3*b + 6. Determine g(b).
-7
Let t be 2*(-4)/3*-6. Suppose -4*m = -f + 20, 2*m - m + t = 3*f. Let o(l) = -l**2 + 4*l - 4. Determine o(f).
-4
Let q(d) = -d + 3. Suppose 4*j - 13 - 2 = z, 5*z + 15 = 0. Let v be j - 5 - (-2)/(-1). Give q(v).
7
Let g(f) be the third derivative of -7/24*f**4 + 0*f + 0 - 1/6*f**3 - 3*f**2. Give g(-1).
6
Let a be (-12)/14*(2 - 9). Let r = 10 - a. Let g(c) be the first derivative of c**3/3 - 5*c**2/2 + 5*c - 1. Calculate g(r).
1
Let w(v) be the third derivative of v**5/15 - v**4/12 + v**3/6 - 5*v**2. Calculate w(1).
3
Suppose -2*u + 0*u + 2*l + 10 = 0, -4*l = 2*u + 8. Let x = -3 - u. Let f(q) = q**2 + 4*q - 3. Determine f(x).
2
Let m(z) = -5*z**2 + 5*z - 9 + 4*z**2 + 13*z - 8*z. Give m(8).
7
Suppose 4*m - 1 - 7 = 0. Let x be m/(-9) + (-4)/(-18). Let s(d) = -d**3 + 5. Determine s(x).
5
Let c(f) = -3*f - 9. Let a be c(-4). Suppose i + 2*i - 5*y - 18 = 0, 0 = y + a. Let r(b) = 8*b**3 - b**2 - b + 1. Determine r(i).
7
Let o(t) = -2*t**3 + 4*t**2 + 6*t**3 + 3 - 8 - 3*t**3 - 3*t. What is o(-4)?
7
Let v(w) be the third derivative of w**5/60 - w**4/6 - 5*w**3/6 + 6*w**2. Calculate v(6).
7
Let g(c) = -7*c + 3. Let h(k) = -2*k + 1. Let n(x) = 3*g(x) - 8*h(x). Calculate n(2).
-9
Let m(l) = l**3 + 4*l**2 - 3*l + 2. Let u = 3 + -3. Suppose u = -t - 2*o - 3 - 21, 4*o = -12. Let a be 94/t - (-6)/27. Calculate m(a).
-8
Let n(j) = -j**2 + 6*j - 4. Suppose -2 + 0 = -q. Let w(m) = 2*m - 4 - q*m + m**2. Let y be w(-3). Determine n(y).
1
Let r(z) = -2*z**2 + 5*z + 1. Suppose 4*j - 24 = -4*n, 2*j = -2*j - 2*n + 18. Let a(d) = 5 + d - 5 + d**2. Let v(c) = j*a(c) - r(c). Determine v(-1).
6
Let y(k) be the first derivative of -k**2/2 - 2*k + 2. Let q be (-4)/((0 - -1)*-1). Let v(m) = m**3 - 5*m**2 + 5*m. Let s be v(q). What is y(s)?
-6
Let w(b) = -2*b - 1. Let j(n) = 3*n. Let z(d) = 2*d + d - 4*d. Let m(v) = j(v) + 4*z(v). Let g(c) = -4*m(c) + 3*w(c). Calculate g(-5).
7
Let c(w) be the second derivative of -w**4/3 - w**3/6 - w. Suppose 0 = 3*m - 2*m - s, -m + 5*s = 8. Suppose m*t + 4 = -2*t. What is c(t)?
-3
Let p(u) be the first derivative of -u**4/4 + 5*u**3/3 - 5*u**2/2 + u + 1. Let v(g) = g**3 + 13*g**2 + 2*g + 30. Let h be v(-13). What is p(h)?
-3
Let r(x) = -2*x - 8*x**2 - 8*x - 7 + 3*x**2. Let z(b) = 0*b + 2*b**2 + 1 + b**2 + b - 2*b**2. Let p(c) = -r(c) - 6*z(c). Determine p(3).
4
Let b(t) = t. Let u be ((-2)/3)/((-4)/18). Suppose -4*p = 3*a - 33, 2*p - 22 = -a - u*p. Suppose 2*l - 2*n = -a*n - 30, -3*l = -4*n - 1. Determine b(l).
-5
Let g(r) be the second derivative of r**3/3 - 3*r**2/2 - 29*r. Determine g(6).
9
Let v(k) = -k + 1. Suppose -2*a = -1 - 13. Suppose -5*m + a = -3. Calculate v(m).
-1
Let s be (3/(-2))/((-55)/(-10) - 5). Let v(f) = -f**2. Determine v(s).
-9
Let q(r) be the second derivative of -r**5/20 + r**4/3 - r**3/3 - r**2 - r. Let y be 12/(-10)*30/(-24)*2. Give q(y).
1
Let v(n) be the third derivative of -11*n**4/12 + n**3/6 - 39*n**2. Give v(-1).
23
Suppose -u - 6 = -3*c, -c + 18 = -u - 2*u. Let r(q) = -9*q. Let j(y) = -18*y. Let l(a) = u*j(a) + 11*r(a). Calculate l(1).
9
Let s(o) = 2*o**2 + 3*o**2 + 9*o - o**3 + 2*o**2 - 6. Let n(x) = x**3 - 10*x**2 - 10*x - 3. Let d be n(11). Determine s(d).
2
Let t(r) be the first derivative of r**4/4 - 4*r**3/3 + 5*r**2/2 - 2*r - 93. Let g(k) = k**3 - 4*k**2 - 4*k - 2. Let y be g(5). Determine t(y).
4
Let r(j) = -j**2 - 20*j + 19. Let n be r(-21). Let a(o) be the first derivative of o**2/2 + 2*o + 1. Give a(n).
0
Let y(n) = -n + 1. Let c(j) = j - 1. Let w(x) = 3*c(x) + 2*y(x). Let k be w(0). Let b(z) = 3*z**2 - z. What is b(k)?
4
Let d(v) = -v**2 - 9*v + 12. Suppose -c = 11 - 1. Determine d(c).
2
Let a(g) = -12*g**2 + 2*g. Let s(z) = -6*z**2 + z. Let n(b) = 3*a(b) - 5*s(b). Calculate n(-1).
-7
Let a(y) be the first derivative of -y**2/2 - y - 1. Give a(-5).
4
Let h be ((-8)/(-6))/((-2)/(-3)). Let q(j) = -h - j - 3 + 3. What is q(3)?
-5
Let y(k) = k**3 + 3*k**2 + 2*k. Let m(h) = h**3 + 3*h**2 + 2*h - 1. Let s(l) = -2*m(l) + 3*y(l). Determine s(-2).
2
Let n(h) = 6*h**2 - 2*h - 1. Suppose -3*x = -x - 3*k - 13, 4*k + 18 = 2*x. Calculate n(x).
7
Let d(x) = -x - 5. Suppose -8*v - 80 = -2